{"id":26,"date":"2023-10-20T09:50:45","date_gmt":"2023-10-20T09:50:45","guid":{"rendered":"https:\/\/bvbitxeced-1.meinwp.de\/wordpress\/?page_id=26"},"modified":"2023-11-24T07:07:48","modified_gmt":"2023-11-24T07:07:48","slug":"schoene-portfolios-fuer-aussergewoehnliche-kreative","status":"publish","type":"page","link":"https:\/\/mettler-holz.de\/","title":{"rendered":""},"content":{"rendered":"\n<div class=\"wp-block-cover\" style=\"min-height:275px;aspect-ratio:unset;\"><span aria-hidden=\"true\" class=\"wp-block-cover__background has-background-dim\"><\/span><img fetchpriority=\"high\" decoding=\"async\" width=\"691\" height=\"1024\" class=\"wp-block-cover__image-background wp-image-284\" alt=\"\" src=\"https:\/\/mettler-holz.de\/wp-content\/uploads\/2023\/11\/IMG-20190808-WA0011-691x1024.jpg\" data-object-fit=\"cover\" srcset=\"https:\/\/mettler-holz.de\/wp-content\/uploads\/2023\/11\/IMG-20190808-WA0011-691x1024.jpg 691w, https:\/\/mettler-holz.de\/wp-content\/uploads\/2023\/11\/IMG-20190808-WA0011-203x300.jpg 203w, https:\/\/mettler-holz.de\/wp-content\/uploads\/2023\/11\/IMG-20190808-WA0011.jpg 1080w\" sizes=\"(max-width: 691px) 100vw, 691px\" \/><div class=\"wp-block-cover__inner-container is-layout-flow wp-block-cover-is-layout-flow\">\n<p class=\"has-text-align-center has-max-48-font-size\">Warum wir mit Holz bauen<\/p>\n<\/div><\/div>\n\n\n\n<div class=\"wp-block-group is-vertical is-layout-flex wp-container-core-group-is-layout-fe9cc265 wp-block-group-is-layout-flex\">\n<p class=\"has-large-font-size\">Kein anderer Werkstoff ist so vielseitig einsetzbar und vereint so viele Vorteile in Bereichen der<br>Nachhaltigkeit, der Bearbeitung, im Recycling, Haptik und Raumklima. <\/p>\n\n\n\n<p class=\"has-large-font-size\">Geringer Prim\u00e4renergie-Bedarf, das Binden von Co2 und die Wiederverwendbarkeit machen Holz zu dem Werkstoff in Zeiten des Klimawandels.<br><\/p>\n<\/div>\n\n\n\n<div style=\"height:0px\" aria-hidden=\"true\" class=\"wp-block-spacer\"><\/div>\n\n\n\n<div class=\"wp-block-group alignfull has-black-background-color has-background is-layout-flow wp-block-group-is-layout-flow\">\n<div class=\"wp-block-columns is-layout-flex wp-container-core-columns-is-layout-28f84493 wp-block-columns-is-layout-flex\">\n<div class=\"wp-block-column is-vertically-aligned-center is-layout-flow wp-block-column-is-layout-flow\">\n<h2 class=\"wp-block-heading has-max-48-font-size\"><mark style=\"background-color:rgba(0, 0, 0, 0)\" class=\"has-inline-color has-white-color\">Zimmermeister<\/mark><\/h2>\n\n\n\n<p class=\"has-white-color has-text-color has-large-font-size\">Als Meister des Zimmerer- Handwerks f\u00fchre ich diesen Betrieb unter der Pr\u00e4misse des korrekten Planens und dem liefern tadelloser Qualit\u00e4t-<br>Grundvorraussetzung hierf\u00fcr ist eine optimale Kommunikation mit Kunden, Bauleitern und anderen Gewerken.<\/p>\n\n\n\n<p class=\"has-large-font-size\"><\/p>\n<\/div>\n\n\n\n<div class=\"wp-block-column is-layout-flow wp-block-column-is-layout-flow\">\n<div style=\"height:48px\" aria-hidden=\"true\" class=\"wp-block-spacer\"><\/div>\n\n\n\n<figure class=\"wp-block-image aligncenter size-large is-resized\"><img decoding=\"async\" width=\"768\" height=\"1024\" src=\"https:\/\/mettler-holz.de\/wp-content\/uploads\/2023\/11\/274d4cef-100f-4078-bfe5-21434866e173-768x1024.jpg\" alt=\"\" class=\"wp-image-196\" style=\"aspect-ratio:0.75;width:401px;height:auto\" srcset=\"https:\/\/mettler-holz.de\/wp-content\/uploads\/2023\/11\/274d4cef-100f-4078-bfe5-21434866e173-768x1024.jpg 768w, https:\/\/mettler-holz.de\/wp-content\/uploads\/2023\/11\/274d4cef-100f-4078-bfe5-21434866e173-225x300.jpg 225w, https:\/\/mettler-holz.de\/wp-content\/uploads\/2023\/11\/274d4cef-100f-4078-bfe5-21434866e173.jpg 1536w\" sizes=\"(max-width: 768px) 100vw, 768px\" \/><\/figure>\n\n\n\n<div style=\"height:100px\" aria-hidden=\"true\" class=\"wp-block-spacer\"><\/div>\n<\/div>\n<\/div>\n\n\n\n<h2 class=\"wp-block-heading\"><\/h2>\n<\/div>\n\n\n\n<div style=\"height:100px\" aria-hidden=\"true\" class=\"wp-block-spacer\"><\/div>\n\n\n\n<div class=\"wp-block-group alignfull is-vertical is-nowrap is-layout-flex wp-container-core-group-is-layout-3655d5c7 wp-block-group-is-layout-flex\">\n<div class=\"wp-block-columns are-vertically-aligned-center is-layout-flex wp-container-core-columns-is-layout-28f84493 wp-block-columns-is-layout-flex\">\n<div class=\"wp-block-column is-vertically-aligned-center is-layout-flow wp-block-column-is-layout-flow\">\n<figure class=\"wp-block-image aligncenter size-large\"><img decoding=\"async\" width=\"1024\" height=\"768\" src=\"https:\/\/mettler-holz.de\/wp-content\/uploads\/2023\/11\/a279d412-a485-4231-950f-2eb43aa0f23b-1024x768.jpg\" alt=\"\" class=\"wp-image-198\" srcset=\"https:\/\/mettler-holz.de\/wp-content\/uploads\/2023\/11\/a279d412-a485-4231-950f-2eb43aa0f23b-1024x768.jpg 1024w, https:\/\/mettler-holz.de\/wp-content\/uploads\/2023\/11\/a279d412-a485-4231-950f-2eb43aa0f23b-300x225.jpg 300w, https:\/\/mettler-holz.de\/wp-content\/uploads\/2023\/11\/a279d412-a485-4231-950f-2eb43aa0f23b-2000x1500.jpg 2000w, https:\/\/mettler-holz.de\/wp-content\/uploads\/2023\/11\/a279d412-a485-4231-950f-2eb43aa0f23b.jpg 2048w\" sizes=\"(max-width: 1024px) 100vw, 1024px\" \/><\/figure>\n<\/div>\n\n\n\n<div class=\"wp-block-column is-vertically-aligned-center is-layout-flow wp-block-column-is-layout-flow\">\n<h2 class=\"wp-block-heading has-max-48-font-size\">Unsere Leistungen<\/h2>\n\n\n\n<p class=\"has-large-font-size\">Wir bieten alle Arbeiten rund um den Werkstoff Holz an, stellen sie gerne eine unverbindliche Anfrage \u00fcber das Kontaktformular und ich melde schnellstm\u00f6glich bei ihnen.<\/p>\n<\/div>\n<\/div>\n<\/div>\n\n\n\n<div style=\"height:100px\" aria-hidden=\"true\" class=\"wp-block-spacer\"><\/div>\n\n\n\n<div class=\"wp-block-group alignfull has-black-background-color has-background is-layout-flow wp-block-group-is-layout-flow\">\n<div style=\"height:100px\" aria-hidden=\"true\" class=\"wp-block-spacer\"><\/div>\n\n\n\n<figure class=\"wp-block-gallery aligncenter has-nested-images columns-default is-cropped wp-block-gallery-1 is-layout-flex wp-block-gallery-is-layout-flex\">\n<figure class=\"wp-block-image size-large\"><img loading=\"lazy\" decoding=\"async\" width=\"1024\" height=\"768\" data-id=\"261\" src=\"https:\/\/mettler-holz.de\/wp-content\/uploads\/2023\/11\/IMG-20190524-WA0024-1024x768.jpg\" alt=\"\" class=\"wp-image-261\" srcset=\"https:\/\/mettler-holz.de\/wp-content\/uploads\/2023\/11\/IMG-20190524-WA0024-1024x768.jpg 1024w, https:\/\/mettler-holz.de\/wp-content\/uploads\/2023\/11\/IMG-20190524-WA0024-300x225.jpg 300w, https:\/\/mettler-holz.de\/wp-content\/uploads\/2023\/11\/IMG-20190524-WA0024.jpg 1599w\" sizes=\"(max-width: 1024px) 100vw, 1024px\" \/><\/figure>\n\n\n\n<figure class=\"wp-block-image size-large\"><img loading=\"lazy\" decoding=\"async\" width=\"1024\" height=\"612\" data-id=\"302\" src=\"https:\/\/mettler-holz.de\/wp-content\/uploads\/2023\/11\/instasize_190925135042-1024x612.png\" alt=\"\" class=\"wp-image-302\" srcset=\"https:\/\/mettler-holz.de\/wp-content\/uploads\/2023\/11\/instasize_190925135042-1024x612.png 1024w, https:\/\/mettler-holz.de\/wp-content\/uploads\/2023\/11\/instasize_190925135042-300x179.png 300w, https:\/\/mettler-holz.de\/wp-content\/uploads\/2023\/11\/instasize_190925135042.png 1989w\" sizes=\"(max-width: 1024px) 100vw, 1024px\" \/><\/figure>\n\n\n\n<figure class=\"wp-block-image size-full\"><img loading=\"lazy\" decoding=\"async\" width=\"1920\" height=\"2560\" data-id=\"354\" src=\"https:\/\/mettler-holz.de\/wp-content\/uploads\/2023\/11\/IMG_8808-scaled.jpg\" alt=\"\" class=\"wp-image-354\" srcset=\"https:\/\/mettler-holz.de\/wp-content\/uploads\/2023\/11\/IMG_8808-scaled.jpg 1920w, https:\/\/mettler-holz.de\/wp-content\/uploads\/2023\/11\/IMG_8808-225x300.jpg 225w, https:\/\/mettler-holz.de\/wp-content\/uploads\/2023\/11\/IMG_8808-768x1024.jpg 768w, https:\/\/mettler-holz.de\/wp-content\/uploads\/2023\/11\/IMG_8808-2000x2667.jpg 2000w\" sizes=\"(max-width: 1920px) 100vw, 1920px\" \/><\/figure>\n\n\n\n<figure class=\"wp-block-image size-full\"><img loading=\"lazy\" decoding=\"async\" width=\"2560\" height=\"1920\" data-id=\"333\" src=\"https:\/\/mettler-holz.de\/wp-content\/uploads\/2023\/11\/IMG_6791-scaled.jpg\" alt=\"\" class=\"wp-image-333\" srcset=\"https:\/\/mettler-holz.de\/wp-content\/uploads\/2023\/11\/IMG_6791-scaled.jpg 2560w, https:\/\/mettler-holz.de\/wp-content\/uploads\/2023\/11\/IMG_6791-300x225.jpg 300w, https:\/\/mettler-holz.de\/wp-content\/uploads\/2023\/11\/IMG_6791-1024x768.jpg 1024w, https:\/\/mettler-holz.de\/wp-content\/uploads\/2023\/11\/IMG_6791-2000x1500.jpg 2000w\" sizes=\"(max-width: 2560px) 100vw, 2560px\" \/><\/figure>\n\n\n\n<figure class=\"wp-block-image size-large\"><img loading=\"lazy\" decoding=\"async\" width=\"1024\" height=\"682\" data-id=\"280\" src=\"https:\/\/mettler-holz.de\/wp-content\/uploads\/2023\/11\/IMG-20190613-WA0004-1024x682.jpg\" alt=\"\" class=\"wp-image-280\" srcset=\"https:\/\/mettler-holz.de\/wp-content\/uploads\/2023\/11\/IMG-20190613-WA0004-1024x682.jpg 1024w, https:\/\/mettler-holz.de\/wp-content\/uploads\/2023\/11\/IMG-20190613-WA0004-300x200.jpg 300w, https:\/\/mettler-holz.de\/wp-content\/uploads\/2023\/11\/IMG-20190613-WA0004-600x400.jpg 600w, https:\/\/mettler-holz.de\/wp-content\/uploads\/2023\/11\/IMG-20190613-WA0004-1200x800.jpg 1200w, https:\/\/mettler-holz.de\/wp-content\/uploads\/2023\/11\/IMG-20190613-WA0004.jpg 1600w\" sizes=\"(max-width: 1024px) 100vw, 1024px\" \/><\/figure>\n\n\n\n<figure class=\"wp-block-image size-full\"><img loading=\"lazy\" decoding=\"async\" width=\"768\" height=\"1024\" data-id=\"293\" src=\"https:\/\/mettler-holz.de\/wp-content\/uploads\/2023\/11\/IMG-20200627-WA0014.jpg\" alt=\"\" class=\"wp-image-293\" srcset=\"https:\/\/mettler-holz.de\/wp-content\/uploads\/2023\/11\/IMG-20200627-WA0014.jpg 768w, https:\/\/mettler-holz.de\/wp-content\/uploads\/2023\/11\/IMG-20200627-WA0014-225x300.jpg 225w\" sizes=\"(max-width: 768px) 100vw, 768px\" \/><\/figure>\n<\/figure>\n\n\n\n<div style=\"height:100px\" aria-hidden=\"true\" class=\"wp-block-spacer\"><\/div>\n<\/div>\n","protected":false},"excerpt":{"rendered":"<p>Kein anderer Werkstoff ist so vielseitig einsetzbar und vereint so viele Vorteile in Bereichen derNachhaltigkeit, der Bearbeitung, im Recycling, Haptik und Raumklima. Geringer Prim\u00e4renergie-Bedarf, das Binden von Co2 und die Wiederverwendbarkeit machen Holz zu dem Werkstoff in Zeiten des Klimawandels. Zimmermeister Als Meister des Zimmerer- Handwerks f\u00fchre ich diesen Betrieb unter der Pr\u00e4misse des korrekten &hellip; <\/p>\n<p class=\"link-more\"><a href=\"https:\/\/mettler-holz.de\/\" class=\"more-link\">Mehr <span class=\"screen-reader-text\">\u00fcber &#8222;&#8220; <\/span>Lesen<\/a><\/p>\n","protected":false},"author":1,"featured_media":286,"parent":0,"menu_order":0,"comment_status":"closed","ping_status":"closed","template":"","meta":{"footnotes":""},"class_list":["post-26","page","type-page","status-publish","has-post-thumbnail","hentry"],"featured_media_urls":{"thumbnail":["https:\/\/mettler-holz.de\/wp-content\/uploads\/2023\/11\/IMG-20190808-WA0014-150x150.jpg",150,150,true],"medium":["https:\/\/mettler-holz.de\/wp-content\/uploads\/2023\/11\/IMG-20190808-WA0014-203x300.jpg",203,300,true],"medium_large":["https:\/\/mettler-holz.de\/wp-content\/uploads\/2023\/11\/IMG-20190808-WA0014.jpg",768,1138,false],"large":["https:\/\/mettler-holz.de\/wp-content\/uploads\/2023\/11\/IMG-20190808-WA0014-691x1024.jpg",691,1024,true],"1536x1536":["https:\/\/mettler-holz.de\/wp-content\/uploads\/2023\/11\/IMG-20190808-WA0014-1037x1536.jpg",1037,1536,true],"2048x2048":["https:\/\/mettler-holz.de\/wp-content\/uploads\/2023\/11\/IMG-20190808-WA0014.jpg",1080,1600,false],"inspiro-featured-image":["https:\/\/mettler-holz.de\/wp-content\/uploads\/2023\/11\/IMG-20190808-WA0014.jpg",1080,1600,false],"inspiro-loop":["https:\/\/mettler-holz.de\/wp-content\/uploads\/2023\/11\/IMG-20190808-WA0014-950x320.jpg",950,320,true],"inspiro-loop@2x":["https:\/\/mettler-holz.de\/wp-content\/uploads\/2023\/11\/IMG-20190808-WA0014-1080x640.jpg",1080,640,true],"portfolio_item-thumbnail":["https:\/\/mettler-holz.de\/wp-content\/uploads\/2023\/11\/IMG-20190808-WA0014-600x400.jpg",600,400,true],"portfolio_item-thumbnail@2x":["https:\/\/mettler-holz.de\/wp-content\/uploads\/2023\/11\/IMG-20190808-WA0014-1080x800.jpg",1080,800,true],"portfolio_item-masonry":["https:\/\/mettler-holz.de\/wp-content\/uploads\/2023\/11\/IMG-20190808-WA0014-600x889.jpg",600,889,true],"portfolio_item-masonry@2x":["https:\/\/mettler-holz.de\/wp-content\/uploads\/2023\/11\/IMG-20190808-WA0014.jpg",1080,1600,false],"portfolio_item-thumbnail_cinema":["https:\/\/mettler-holz.de\/wp-content\/uploads\/2023\/11\/IMG-20190808-WA0014-800x335.jpg",800,335,true],"portfolio_item-thumbnail_portrait":["https:\/\/mettler-holz.de\/wp-content\/uploads\/2023\/11\/IMG-20190808-WA0014-600x900.jpg",600,900,true],"portfolio_item-thumbnail_portrait@2x":["https:\/\/mettler-holz.de\/wp-content\/uploads\/2023\/11\/IMG-20190808-WA0014.jpg",1080,1600,false],"portfolio_item-thumbnail_square":["https:\/\/mettler-holz.de\/wp-content\/uploads\/2023\/11\/IMG-20190808-WA0014-800x800.jpg",800,800,true]},"_links":{"self":[{"href":"https:\/\/mettler-holz.de\/index.php\/wp-json\/wp\/v2\/pages\/26","targetHints":{"allow":["GET"]}}],"collection":[{"href":"https:\/\/mettler-holz.de\/index.php\/wp-json\/wp\/v2\/pages"}],"about":[{"href":"https:\/\/mettler-holz.de\/index.php\/wp-json\/wp\/v2\/types\/page"}],"author":[{"embeddable":true,"href":"https:\/\/mettler-holz.de\/index.php\/wp-json\/wp\/v2\/users\/1"}],"replies":[{"embeddable":true,"href":"https:\/\/mettler-holz.de\/index.php\/wp-json\/wp\/v2\/comments?post=26"}],"version-history":[{"count":6,"href":"https:\/\/mettler-holz.de\/index.php\/wp-json\/wp\/v2\/pages\/26\/revisions"}],"predecessor-version":[{"id":434,"href":"https:\/\/mettler-holz.de\/index.php\/wp-json\/wp\/v2\/pages\/26\/revisions\/434"}],"wp:featuredmedia":[{"embeddable":true,"href":"https:\/\/mettler-holz.de\/index.php\/wp-json\/wp\/v2\/media\/286"}],"wp:attachment":[{"href":"https:\/\/mettler-holz.de\/index.php\/wp-json\/wp\/v2\/media?parent=26"}],"curies":[{"name":"wp","href":"https:\/\/api.w.org\/{rel}","templated":true}]}}